- w. What is the units digit of v?
3
Suppose -5*m + 0 = -15. Suppose -3*r = -3*c + 99, 3*c + 5*r - m*r - 74 = 0. What is the tens digit of c?
2
Let v(s) be the first derivative of -s**4/4 - 4*s**3/3 - 3*s**2/2 - 5. Let l be v(-3). Suppose 5*y + 0*y - 45 = l. What is the units digit of y?
9
Let p(b) = 5*b - 49. Let a be p(15). Let s = 78 + a. What is the hundreds digit of s?
1
Let f = 28 + -19. What is the tens digit of (-154)/(3*(-6)/f)?
7
Suppose -8*v = -v - 322. Suppose g - v = -o, 2*o - 83 = -0*g + g. What is the units digit of o?
3
Suppose 53*g - 162 = 50*g. Let h = 130 - g. What is the tens digit of h?
7
Let h(i) be the third derivative of 0*i - 7/3*i**3 - 1/4*i**4 + 13/60*i**5 + 2*i**2 + 0 - 1/120*i**6. What is the tens digit of h(12)?
5
What is the thousands digit of -9 + 20 + (2929 - 2)?
2
Let a(f) = 8*f**2 + 2*f + 1. Let n(q) = q - 7. Let m = 16 + -10. Let u be n(m). What is the units digit of a(u)?
7
Let r be 734/(-6) - 2/15*5. Let n = -109 - r. What is the tens digit of n?
1
Let z = 61 + -60. What is the tens digit of 3/(-4)*(-52)/z?
3
Let d = 3433 + -1997. What is the thousands digit of d?
1
Let x(a) = -2*a + 1. Let d be x(1). Suppose 3*t - 6 = v, t = 5*t + 4*v - 24. Let c = d + t. What is the units digit of c?
2
Let n be (24/(-21))/(-2) - 8/14. Suppose n = -4*a + 5*z + 218, -3*a + 4*a = -4*z + 44. What is the tens digit of a?
5
Suppose 2*v + 4 + 0 = -2*y, -3*v = -y + 10. Let n be (-10 + y)*(-1 - 2). Suppose -3 = o, n = 3*j + 2*o - 12. What is the tens digit of j?
1
Let m(s) = s**2 + 16*s + 109. What is the hundreds digit of m(-26)?
3
Let z be 101/(-3) - 4/(-6). Suppose 0 = 24*g + 11*g - 2030. Let d = z + g. What is the tens digit of d?
2
Let t(i) = -i**3 - 14*i**2 - 3*i - 3. Let w(z) = -z - 6. Let x be w(8). What is the tens digit of t(x)?
3
Suppose -4*v - 4*j + 18 = -j, 5*j = -v - 4. Let l be ((-2)/v)/(4/(-24)). What is the units digit of 200/11 + l/(-11)?
8
Suppose -4*m - 18 = -2*z, -7*z + 3*m + 26 = -3*z. Suppose -4*x - 5 = 5*t - 359, -z*t = -2*x - 348. Let o = t + -15. What is the tens digit of o?
5
Let i(u) = 1629*u**2 + 24*u - 23. What is the tens digit of i(1)?
3
Let i(r) = -4*r**3 + 2*r**2 - 3*r + 2. Let t be i(1). Let l(m) = -6*m**3 - 6*m**2 - 6*m - 5. What is the hundreds digit of l(t)?
1
Let q be 114/(-9) - (-2)/(-6). Let m = q + 24. Let z = 21 + m. What is the tens digit of z?
3
Let q be (2/9)/((-19)/(-171)). Suppose -q*h - 140 = -6*h. What is the units digit of h?
5
Suppose -2*r + 7*r = 490. What is the units digit of 36/24*r/3?
9
Let g(d) = d - 6. Let b be g(9). Suppose 3*f + 3 = -b*s, 3*f + 4 - 7 = 3*s. Suppose f = -0*i + 3*i - 24. What is the units digit of i?
8
Let r = 60 - 32. Let z = -27 + r. What is the units digit of z?
1
What is the units digit of -12*(-7)/(112/92)?
9
Let c(h) = -h**2 + 8*h + 20. Let p be c(10). What is the tens digit of 13/4*(p - -52)?
6
Let z be 2 + (2/(-7) - (-780)/35). Suppose -b = -3*b - f + 6, -5*f = 0. What is the tens digit of 100/b + z/(-18)?
3
Suppose w = -2*w. Suppose 0 = -h + 4 - 1. Suppose -z - 2*s = h*s, w = -2*z + 3*s + 65. What is the tens digit of z?
2
Suppose 0 = -4*r - 3*j + 609, 5*r - 5*j = -199 + 934. What is the units digit of r?
0
Let f(c) = 22*c + 1 + 1 - 4 + 2*c**2 - 4*c**2. What is the units digit of f(8)?
6
Let j = 151 + 1025. Suppose -11*a + j = 3*a. What is the tens digit of a?
8
Let t(n) = n**3 - n**2 - n - 3. Let o be t(0). Let w be o/2 + (-24)/(-16). Let r(u) = u**2 + u + 27. What is the units digit of r(w)?
7
Let n be 2/(-4)*0 + 14. Let r = n + 22. What is the tens digit of ((-14)/6)/((-3)/r)?
2
Let k = -25 - -25. Suppose -2*j + 11*j - 1341 = k. What is the hundreds digit of j?
1
Let l(o) = 43*o**3 + 2*o**2 - 23*o + 4. What is the hundreds digit of l(3)?
1
Suppose -l + 104 = 5*k, 5*k - 1 = 19. Suppose 3*m - m = l. What is the tens digit of m?
4
Suppose -h + 0*h = 4*d - 2999, 0 = 2*d + 3*h - 1497. Let v = -453 + d. What is the units digit of v?
7
Suppose 5*a + 950 = 5*z, 0*z - 5*z + 2*a + 965 = 0. Suppose 3*y = -2*o + z, -3*o = -3*y - 0*o + 195. What is the units digit of y?
5
Let h(q) = -67*q**3 + 13*q**2 + 7*q + 4. Let m(f) = -33*f**3 + 6*f**2 + 3*f + 2. Let x(i) = 6*h(i) - 13*m(i). What is the units digit of x(1)?
8
Let c be (-2)/(0 - (-6)/(-297)). Let r(l) = l + 17. Let t be r(-14). Suppose 0 = t*b + 12 - c. What is the units digit of b?
9
Let j(k) = -k**2 - 10*k - 3. Let y(b) = b**3 - 10*b**2 - 12. Let p be y(10). Let h be j(p). Let t = h + 49. What is the units digit of t?
2
Let j(y) = -y**3 - 23*y**2 + 14*y + 44. Let c be j(-25). Suppose -5*h - 184 = -c. What is the hundreds digit of h?
1
Let u(n) = 10*n - 23. Let i(v) = -42*v + 91. Let t(p) = 2*i(p) + 9*u(p). What is the units digit of t(26)?
1
Let q = -30 + 38. Suppose -91 = -9*c + q*c. What is the units digit of c?
1
Suppose -13*c - 11174 + 65618 = 0. What is the tens digit of c?
8
Suppose 30*s + 33 = 33*s. Let v(q) = 0*q - 7*q**2 - q + s*q**2 + 3. What is the tens digit of v(3)?
3
Let z(m) = m**2 + 16. Let d be 4/(-30) + (-927)/135. What is the units digit of z(d)?
5
Let t(m) = 2*m**2 + 3*m + 5. Let c be t(6). Let n = c + -41. What is the tens digit of n?
5
Let n(b) = b**2 + 7*b + 7. Let w be n(-7). Suppose -3*a - w = -313. What is the units digit of a/5 - 18/(-30)?
1
Suppose -3*n + 1 = d, -5*n - 4*d = -n + 4. What is the tens digit of (12/(-3))/((-2)/58*n)?
1
Let l(y) = 29*y**2 + 7*y - 10. Let p be l(3). Suppose 1006 = 6*w - p. What is the tens digit of w?
1
Let v be -9 - -10 - (-18)/1. Suppose h - 2*b = v, -30 = -h - 4*h - 3*b. Let g = h + 1. What is the tens digit of g?
1
Let q be -4 + (-10 + 1 - 2). Let j be (-36)/14*140/q. Suppose -j = 3*d - 75. What is the units digit of d?
7
Let u be (-1)/(-3) - 48/(-18). Suppose 0 = u*v - 13 - 146. What is the units digit of v?
3
Let t(x) = -2*x**3 - 4*x**2 + 3*x - 11. Let v(f) = f**3 + 2*f**2 - 2*f + 6. Let h(n) = 3*t(n) + 5*v(n). What is the units digit of h(-4)?
3
Let s(h) = 18*h**2 - 8*h - 7. What is the hundreds digit of s(13)?
9
Let c(k) = -45*k - 29. Let n(h) = -22*h - 15. Let s(v) = 4*c(v) - 9*n(v). What is the units digit of s(5)?
9
Suppose q + 382 - 134 = 2*u, -3*u + 362 = -4*q. What is the tens digit of u?
2
Suppose -1893 = -x - 2*x. What is the hundreds digit of x?
6
Suppose 0 = 5*m - 700 - 830. Suppose s - 5*p = -137, 5*s + 295 + m = 4*p. Let x = -63 - s. What is the units digit of x?
4
Suppose -14*s = -10*s - 80. What is the units digit of s?
0
Suppose -4*w - 12 = 0, -7*w + 3*w = c - 396. What is the units digit of c?
8
Let c(n) = -n + n**3 - 2*n**2 + 2 + 4*n**2 - 2*n - 3*n**2. Let u be c(6). What is the tens digit of u/16 - 2/8?
1
What is the hundreds digit of 15670/16 - (135/40 - 3)?
9
Let w(g) = 7*g**2 - 6*g - 5. Let p be w(-6). Let a = p + -194. What is the units digit of a?
9
Let r(m) = 5*m + 4. Let z(p) = 16*p + 11. Let g(s) = -8*r(s) + 3*z(s). Let v be g(4). Let u = v - 16. What is the tens digit of u?
1
What is the units digit of -2348*65/(-156) - 4/(-6)?
9
Suppose 0 = -6*c - 1144 + 5416. What is the units digit of c?
2
Let q(w) = 4*w**2 - 5 - 10*w**2 + w**3 - 2*w**3 + 4. Let r be q(-6). Let z = 23 - r. What is the units digit of z?
4
Suppose -4*n = 8, -3*u - 106*n + 108*n = -3019. What is the tens digit of u?
0
Let g(y) = -16*y + 2. What is the tens digit of g(-13)?
1
Suppose -x + 55 = 4*x - 5*r, 5*x - 83 = -2*r. Suppose 0 = -0*c + c - x. What is the units digit of c?
5
Let i be (8 + -1)/(-3 - -4). Let x(w) = -w**3 + 9*w**2 - w + 24. What is the hundreds digit of x(i)?
1
Let b(z) = -15*z - 1. Let u be b(1). Suppose -19*f + 29*f = 0. Let s = f - u. What is the tens digit of s?
1
What is the tens digit of -3 + 12 - 3 - -448?
5
Let m = 1858 + -674. What is the units digit of m?
4
Suppose 21*k + 46 + 59 = 0. Let g(p) = 8*p**2 - 12*p - 20. What is the units digit of g(k)?
0
Suppose 5*h - 5*m = 2*h + 2176, -5*h + 5*m + 3640 = 0. What is the units digit of h?
2
What is the tens digit of 3/(-15) - 456/(-5)?
9
Suppose 0 = u - 4*v + 1 + 7, -4*u + 3*v + 7 = 0. Suppose -u*d + 467 - 143 = 0. What is the units digit of 56/(-21)*d/(-6)?
6
Suppose -5 = k, -2*k + 1112 = 2*n - 1658. What is the hundreds digit of n?
3
Let v(y) = -497*y - 960. What is the hundreds digit of v(-11)?
5
Suppose 27765 = 26*h + 4703. What is the tens digit of h?
8
Suppose 3